f m?
0
Let w be (-1)/3*((-24)/3 - 1). Suppose 2*b = w*a - 54, 4*a - 72 = a - 4*b. Suppose a*t + 89 = 21*t. What is the tens digit of t?
8
Suppose -4 = u - 89. Let a = u - -230. What is the units digit of a?
5
Let d(r) = -192*r**3 - 13*r**2 - 41*r + 47. What is the units digit of d(-7)?
3
Let a(u) = 4*u**3 - 22*u**2 - 12*u + 71. Let s be a(13). Suppose s = 3*c + 1589. What is the tens digit of c?
3
Let w = 219 + -226. Let a(l) = 8*l**2 - 8*l + 14. What is the hundreds digit of a(w)?
4
Let m = 12368 - 5356. What is the hundreds digit of m?
0
Let l = 105 - 180. Let h = l + 67. What is the tens digit of (4/(-6))/(h/4020*5)?
6
Let z be 6/8 - 15/(-12). Suppose -5*b - 4469 = -5*i - 3*b, z*i = 4*b + 1778. What is the units digit of i?
5
Let n = -77 - -77. Suppose n = -3*z - w + 927, 6*w - 2*w + 632 = 2*z. What is the tens digit of z?
1
Let a(l) be the second derivative of 89*l**3/6 - 5*l**2 - 12*l. Let q be a(2). Suppose p - q = -2*p. What is the tens digit of p?
5
Let q(w) = 4*w + 11. Let v be q(-2). What is the units digit of 1/(v - (-1630)/(-545))?
9
Let v(l) = -l**3 + 74*l**2 + 65*l - 2438. What is the tens digit of v(51)?
0
What is the hundreds digit of (118010 + 48)*2/(-14)*(-28)/8?
0
Suppose -61*c + 830048 + 384777 = -1846033. What is the thousands digit of c?
0
Let d be 8 - (18/(-12))/(2/4). Let c(b) = -2*b**2 + 20*b + 21. Let t(z) = z**2 - 7*z - 7. Let v(x) = d*t(x) + 4*c(x). What is the tens digit of v(-4)?
4
Suppose r + 30 = -5*u, 5*r - 5 + 35 = -5*u. Let d be (-2 - (-10)/4)*22. Suppose r = 6*a - d*a + 910. What is the units digit of a?
2
Let t(b) = 201*b**2 - 46*b - 15. What is the thousands digit of t(9)?
5
Let o = 2 - -6. Suppose 0 = 277*p - 274*p - 93. Let b = p + o. What is the units digit of b?
9
Suppose 41*x - 72368 - 36692 = 0. What is the units digit of x?
0
Suppose -11*y + 85 - 8 = 0. Suppose 2 = -5*n - y*t + 5*t, -2*n = -t + 8. Let b(o) = 28*o**2 - o - 8. What is the tens digit of b(n)?
0
Let y = 795 - 778. Suppose 0*a = -a. Suppose a = y*l - 15*l - 26. What is the tens digit of l?
1
What is the hundreds digit of ((-508707)/(-81) - -19) + (40/3)/5?
3
Suppose -2*h - 70 = -5*d, -9*h + 8*h = 0. Suppose -10*v - 2320 = -d*v. What is the hundreds digit of v?
5
Let u be -12 - (-1 - (-2 - 1)). Let i be -1 + 119/u - (-1)/2. What is the hundreds digit of (46 + -3 - 4)/((-3)/i)?
1
Let w = 53 - 28. Let n = 21 - w. Let o = n - -30. What is the units digit of o?
6
Suppose 54 + 24 = 6*p. Let n(k) = 27*k + 79. What is the tens digit of n(p)?
3
Let w = -54 + 52. Let v be 150/12*(11 - (w + 1)). Let t = -30 + v. What is the units digit of t?
0
Let p = -8121 + 4347. Let j = -2595 - p. What is the thousands digit of j?
1
Let v = -4705 - -12990. What is the hundreds digit of v?
2
Suppose -17*u = -22*u - 90. Let p(o) = -o**3 - 19*o**2 - 44*o - 1. What is the tens digit of p(u)?
6
Let s(i) = -1674*i - 2776. What is the units digit of s(-13)?
6
Let q(f) = -3*f**3 + 4*f**2 - f - 350. What is the ten thousands digit of q(-27)?
6
Suppose 0 = -s + 3*m + 19, 2*s - 3 = 4*m - 5*m. Suppose 0 = l - z - 550, -2*l + s*l - 1102 = 3*z. What is the hundreds digit of l?
5
Let j = 43 - 6. Suppose 43 = 2*u + j. Suppose 2*i + u*z = 80, -z - 29 = -i + 3*z. What is the tens digit of i?
3
Let m = -200 + 221. Suppose 24*u = m*u + 1857. What is the hundreds digit of u?
6
Let i be 1/3 - 1 - (-16)/(-12). What is the hundreds digit of 8/(i/(-32)*(-20)/(-130))?
8
Suppose 1148*p = 1145*p + 47400. What is the units digit of p?
0
Suppose -32659 + 113344 = -45*h. What is the tens digit of 12/(-30)*(-2 + h)?
1
Let m(n) = 74*n - 7. Let q be m(2). Suppose 3*r + 7*z + q = 3*z, -2*r = -2*z + 80. Let j = 247 + r. What is the hundreds digit of j?
2
Let w = 993 + 8899. What is the tens digit of w?
9
Suppose 5*a - 5*b - 53089 = -16504, -7321 = -a - b. Suppose 1895 + a = 17*z. What is the tens digit of z?
4
Let h = 51783 - 25233. What is the thousands digit of h?
6
Let m(c) = c**3 + 25*c**2 - 22*c + 50. Let z = 545 + -569. What is the units digit of m(z)?
4
Let c = 178521 + -125000. What is the units digit of c?
1
Suppose 45418 = 4*z + 2*h, 16501 + 17566 = 3*z + 5*h. What is the thousands digit of z?
1
Suppose 10*n - u = 7*n - 16, -2*n - 11 = -u. What is the hundreds digit of n + 6 - (-250 + -2 + 2)?
2
What is the units digit of -2043*(15 + (-116)/6)?
3
What is the tens digit of -14*4/(-336)*90894?
4
Let n(f) = -3*f**2 - f + 14. Let r be n(-4). Let o = r - -27. What is the units digit of 50 + -1 + 0 + o + 3?
9
Suppose 227*w - 225*w - 76993 = -7*y, -5*w + 192468 = 3*y. What is the ten thousands digit of w?
3
Let r be (-434)/84 + (-1)/(-6). What is the tens digit of (-528)/(30/r) - 2?
8
Let d(v) = -2*v**2 - 10*v - 2. Let s be d(-3). Suppose -555 = 4*w - 1815. Suppose -s*y = -w + 35. What is the units digit of y?
8
What is the ten thousands digit of (-17)/34*(-8)/12 + 238828/6?
3
Let h(p) = p**2 + 38*p - 39. Let u be h(-39). What is the hundreds digit of ((u - 3)/3)/((-2)/454)?
2
Suppose -3*k - 32 = 3*x - 5*k, 2*k = -4*x - 24. Let t(c) = c**2 + 556 + 8*c - 4*c - 561. What is the tens digit of t(x)?
2
Suppose 0 = -3*w - 2*w + 3*i - 10134, -3*i - 4041 = 2*w. What is the tens digit of (84/35)/((-5)/w)?
7
Let j(l) be the third derivative of l**6/40 + l**5/10 - 3*l**4/8 + l**3/6 - 4*l**2 + 12*l. What is the hundreds digit of j(5)?
4
Let t = 4564 + 5852. Suppose -t = -18*z - 3*z. What is the hundreds digit of z?
4
What is the units digit of 14748 + -1 + (-146 - -147)?
8
What is the units digit of ((-1008)/64 - -15)*-8 - -6*6961?
2
Let i(j) = -15*j**3 - 260*j**2 + 8*j + 63. What is the tens digit of i(-19)?
3
What is the tens digit of 24/((-18)/(-6)) - (-65358)/9?
7
Let p = -1619 + 4699. What is the units digit of p?
0
Let y(k) = -2*k**2 - 59*k + 15. Let a be y(-32). What is the units digit of ((-89)/1)/(29/a)?
5
Let h = -27 - -32. Suppose 63 = -3*f - h*b - 102, 0 = -3*b. What is the units digit of (f/(-20))/((-2)/(-88))?
1
Let v = 109 + -80. Suppose 0*q = 3*q - 4*y - 87, 0 = -q + 5*y + v. What is the units digit of q?
9
Let o(n) = 9*n**2 - 14*n - 154. Let f be o(-14). Let z = f - 1025. What is the hundreds digit of z?
7
Let q(f) be the second derivative of f**4/12 - f**3 - 45*f**2/2 - 3736*f. Let d(g) = 4*g + 2. Let h be d(-4). What is the hundreds digit of q(h)?
2
Let g = -12 - -29. Suppose 0 = 15*v - g*v + 766. What is the units digit of v?
3
Suppose -p - 3*p = 4*u + 92, 5*u = 5*p + 165. Let q = -26 - p. Suppose 7*w - q*w - 140 = 0. What is the tens digit of w?
2
Suppose 0 = 3*z + b - 7074, 3*b - 2350 = 169*z - 170*z. What is the units digit of z?
9
Let n = -210 - -208. What is the tens digit of 23466*10/600 - n/(-20)?
9
Suppose 0 = -15*p + 254 + 691. Suppose -v + 798 = -2*n + p, 0 = v - n - 732. What is the units digit of v?
9
Let o be 55/15 - 3/(-9). Suppose 27 - 23 = o*t. What is the units digit of t?
1
Suppose -4*o + 176 = -4*b, o + b = 12 + 24. Suppose o*w = 23*w + 6766. What is the hundreds digit of w?
3
Suppose -345*g = -57*g - 84096. What is the units digit of g?
2
Let j(v) = -v**3 - v**2 + 8*v + 363. Let g be j(0). Suppose y - 57 = -5*a + g, -1608 = -4*y + 4*a. What is the tens digit of y?
0
Let t(v) = 12*v**2 - 2 + 8*v + 5 + v**3 - 3. Let s be t(-11). What is the units digit of 2*s*10/20?
3
Suppose -3*l = -4*p - 44, -p - 4*p = 4*l + 86. Let y = 20 + p. What is the units digit of 298/y - (-18)/(-27)?
9
Let q(p) = 11*p**2 + 19*p - 36. Let w(f) = 6*f**2 + 9*f - 19. Let k(x) = -3*q(x) + 7*w(x). What is the hundreds digit of k(-8)?
5
Suppose -3*o = n - 48436, 375*o = 380*o + 4*n - 80743. What is the tens digit of o?
4
Let r(j) = 4*j**2 - 168*j - 244. What is the thousands digit of r(111)?
0
What is the units digit of -2 - (-34518)/15 - ((-18)/(-15))/6?
9
Let l be -1 - (61 + 1 - (-10 + 8)). Let h = l - -829. What is the tens digit of h?
6
Let a be (-2)/3 + (-80)/24. Let n be 1*(-1)/a - 391/(-68). Suppose -t - 475 = -n*t. What is the tens digit of t?
9
Let d(j) = 8797*j**3 - 4*j**2 + 7*j - 1. What is the hundreds digit of d(1)?
7
Suppose 0 = 2*g + 54 - 20. Let r = g - 7. What is the units digit of (-1880)/r - (-16)/(-12)?
7
Suppose -41*g - 23378 = -95456. What is the hundreds digit of g?
7
Suppose 11*p - 60 + 38 = 0. What is the units digit of p*(-3)/(24/(-6044))?
1
Let v be (-3 - (-7)/3)/(4/1